 (base 3) to base 12
17a0a
What is b84 (base 14) in base 12?
1394
What is -310331 (base 4) in base 13?
-1709
Convert 71097 (base 10) to base 7.
414165
What is 137 (base 9) in base 10?
115
What is -221212 (base 5) in base 15?
-2422
618 (base 14) to base 6
5314
2011122001 (base 3) to base 7
235420
What is c207 (base 13) in base 5?
1323314
Convert -132341 (base 5) to base 15.
-18b6
What is 2e5 (base 15) in base 11?
555
Convert -194 (base 11) to base 7.
-440
What is -11101 (base 7) in base 15?
-c64
Convert 8ba (base 12) to base 8.
2416
Convert 759 (base 10) to base 5.
11014
Convert -102132 (base 5) to base 4.
-311121
What is 2300 (base 12) in base 6?
30000
Convert 6714 (base 12) to base 3.
120121221
Convert 165 (base 13) to base 6.
1100
What is -113158 (base 9) in base 2?
-10000100101011011
11400 (base 9) to base 4
1312332
-1ae (base 15) to base 8
-605
Convert -ad (base 15) to base 10.
-163
Convert -2cc (base 15) to base 6.
-2550
-1000100100101 (base 2) to base 7
-15540
-327 (base 10) to base 6
-1303
Convert 6 (base 8) to base 15.
6
Convert -1411 (base 7) to base 15.
-267
What is -206111 (base 7) in base 13?
-13355
3bd (base 16) to base 15
43c
Convert -11010110 (base 2) to base 14.
-114
Convert -6604 (base 9) to base 7.
-20116
What is -1410140 (base 5) in base 10?
-28795
What is -111202011 (base 3) in base 4?
-2130211
-66522 (base 7) to base 5
-1013400
3557 (base 10) to base 12
2085
Convert 41b (base 16) to base 9.
1387
Convert 10110000011 (base 2) to base 12.
997
Convert 211 (base 12) to base 4.
10231
What is -9a27 (base 12) in base 11?
-11876
98a (base 14) to base 3
2120212
-99 (base 14) to base 15
-90
Convert 2256 (base 7) to base 16.
339
Convert -7d4d (base 15) to base 2.
-110011111111111
Convert 3242 (base 6) to base 11.
619
Convert -70410 (base 9) to base 13.
-18096
Convert 2030 (base 5) to base 9.
324
-45533 (base 11) to base 8
-200504
What is 2432 (base 6) in base 7?
1511
What is -24b (base 16) in base 7?
-1466
Convert 1a438 (base 11) to base 9.
43050
-5656 (base 8) to base 10
-2990
-3542 (base 12) to base 5
-142304
What is 1535 (base 11) in base 7?
5520
4425 (base 8) to base 10
2325
1070 (base 12) to base 5
24222
What is -1331 (base 7) in base 5?
-4022
What is -340 (base 6) in base 16?
-84
Convert -221 (base 6) to base 14.
-61
Convert -93639 (base 10) to base 13.
-33810
Convert -18c4 (base 16) to base 14.
-244c
-871 (base 16) to base 4
-201301
What is 110301 (base 4) in base 14?
6ad
-1333 (base 7) to base 10
-514
-43102 (base 5) to base 9
-3874
-203440 (base 5) to base 16
-1a59
6219 (base 12) to base 8
24665
What is -10652 (base 7) in base 15?
-c22
Convert 210020 (base 5) to base 13.
3198
41342 (base 7) to base 5
310444
What is b4d5 (base 14) in base 11?
21453
What is -1427 (base 11) in base 7?
-5243
What is -143 (base 13) in base 4?
-3200
-5780 (base 9) to base 5
-114114
What is 1431101 (base 5) in base 10?
30151
Convert -8098 (base 12) to base 16.
-3674
3110 (base 10) to base 14
11c2
-3300211 (base 4) to base 7
-62614
-28653 (base 11) to base 14
-10ba2
93 (base 16) to base 7
300
What is 10222 (base 4) in base 13?
19c
What is 2540 (base 14) in base 6?
50112
Convert bc (base 13) to base 12.
10b
Convert -458a (base 14) to base 6.
-131530
-1657 (base 9) to base 13
-766
Convert 740 (base 12) to base 3.
1110010
What is 322221 (base 4) in base 5?
110003
1630 (base 14) to base 13
1a5a
2422 (base 5) to base 3
111102
5054 (base 13) to base 2
10101100101110
What is -10231 (base 4) in base 8?
-455
What is 1283 (base 11) in base 12?
b68
Convert -3cb (base 13) to base 6.
-3042
Convert 540 (base 15) to base 10.
1185
31304 (base 5) to base 4
200133
What is -675 (base 10) in base 11?
-564
-101000100010 (base 2) to base 4
-220202
Convert -101101000111 (base 2) to base 8.
-5507
Convert -344111 (base 5) to base 13.
-5854
Convert 1900 (base 11) to base 4.
211310
Convert 307 (base 9) to base 5.
2000
Convert -30211 (base 5) to base 9.
-2575
What is 1f9 (base 16) in base 3?
200201
What is -1001001101 (base 3) in base 7?
-113422
Convert -1481 (base 11) to base 3.
-2121112
1210012 (base 3) to base 15
5bb
Convert 10021012 (base 3) to base 10.
2381
What is -41111 (base 6) in base 5?
-133233
What is 527 (base 9) in base 14?
22a
What is -2571 (base 9) in base 12?
-1147
Convert -1160 (base 11) to base 13.
-8ca
Convert -112304 (base 6) to base 2.
-10010110010000
-12025 (base 6) to base 8
-3321
3cd (base 16) to base 14
4d7
-1205 (base 6) to base 8
-445
Convert 112121 (base 3) to base 5.
3034
What is 199 (base 16) in base 11?
342
1510 (base 14) to base 10
3738
Convert -301 (base 11) to base 8.
-554
What is bab (base 15) in base 9?
3548
Convert a61 (base 12) to base 10.
1513
Convert 1686 (base 10) to base 12.
b86
-446 (base 7) to base 3
-22112
2239 (base 13) to base 7
16636
What is 63a3 (base 13) in base 12?
7bba
-12003000 (base 4) to base 12
-12400
Convert 10121122 (base 3) to base 10.
2636
Convert -59 (base 12) to base 11.
-63
-5c20 (base 16) to base 5
-1223314
Convert -1043 (base 7) to base 14.
-1ca
-2131 (base 12) to base 8
-7065
What is -2775 (base 15) in base 3?
-102120102
What is -10120333 (base 4) in base 16?
-463f
-200021 (base 3) to base 11
-409
1120100 (base 3) to base 2
10001110111
-2573 (base 14) to base 10
-6569
Convert -2131 (base 10) to base 16.
-853
-13494 (base 10) to base 7
-54225
Convert -c59 (base 13) to base 5.
-31402
What is -390 (base 15) in base 7?
-2235
-14b16 (base 12) to base 2
-111001001000010
What is 114664 (base 8) in base 11?
27621
Convert 1112120 (base 3) to base 4.
101202
Convert -2472 (base 9) to base 5.
-24342
Convert -2a17 (base 12) to base 9.
-6661
Convert -248 (base 13) to base 11.
-332
What is -1200 (base 6) in base 4?
-10200
What is 4283 (base 10) in base 2?
1000010111011
What is 44321 (base 5) in base 13?
1535
-10221 (base 4) to base 14
-173
Convert -1100000 (base 3) to base 10.
-972
Convert -20020 (base 6) to base 15.
-b89
-1a51 (base 11) to base 12
-1605
What is 13121 (base 4) in base 10?
473
Convert 392a (base 12) to base 7.
24664
Convert -613 (base 12) to base 11.
-72a
What is -79076 (base 10) in base 7?
-446354
-27303 (base 9) to base 6
-221303
Convert -22715 (base 11) to base 4.
-20000213
What is 111001 (base 5) in base 16?
f24
What is 11441 (base 5) in base 7?
2353
1220201212 (base 3) to base 10
37715
Convert 200012001 (base 3) to base 7.
53440
876 (base 12) to base 8
2332
-21200 (base 3) to base 14
-10b
1001001111001000 (base 2) to base 5
2202312
-3d33 (base 14) to base 13
-4c09
-233020 (base 5) to base 3
-102200012
Convert 24085 (base 9) to base 2.
11111011110011
What is -1010010001000001 (base 2) in base 15?
-c6d4
-27472 (base 8) to base 10
-12090
Convert -16474 (base 8) to base 12.
-43b8
Convert -2133222 (base 4) to base 2.
-10011111101010
What is 3327 (base 8) in base 9?
2355
Convert 2336 (base 9) to base 5.
23414
Convert -103212 (base 4) to base 13.
-756
Convert 34010 (base 9) to base 12.
11100
-3310 (base 5) to base 15
-205
What is 1a27 (base 11) in base 2?
101000001010
What is 224221 (base 5) in base 13?
3891
What is -25133 (base 6) in base 8?
-7221
What is -64601 (base 9) in base 16?
-a711
Convert 222111 (base 3) to base 15.
32a
Convert 21002 (base 3) to base 6.
515
Convert -200020 (base 4) to base 8.
-4010
286 (base 12) to base 3
112110
What is 13bbb (base 13) in base 14?
d789
Convert -2420 (base 5) to base 4.
-11220
-42455 (base 7) to base 14
-3b9c
What is -10402 (base 5) in base 15?
-337
What is 8a3 (base 13) in base 6?
10513
What is -678 (base 15) in base 11?
-1110
What is 192 (base 14) in base 7?
642
18 (base 14) to base 4
112
-53375 (base 10) to base 15
-10c35
Convert -10240 (base 5) to base 11.
-582
11111000110 (base 2) to base 10
1990
Convert 122113 (base 5) to base 2.
1001000110010
Convert 510 (base 7) to base 4.
3330
What is 24b (base 14) in base 12?
323
Convert 12b67 (base 14) to base 5.
2434101
-4563 (base 9) to base 2
-110100110010
What is 102002002 (base 3) in base 16?
1f8b
Convert -11110100100111 (base 2) to base 9.
-23424
Convert -69a (base 14) to base 10.
-1312
What is 622 (base 12) in base 10?
890
-3a6 (base 14) to base 13
-446
What is 763b (base 14) in base 7?
113404
-1030 (base 15) to base 2
-110101011100
What is 24265 (base 9) in base 14?
5cd5
What is -1ed2 (base 16) in base 13?
-378c
Wha